w(7).
6
Let x(z) = -13*z - 7. Determine x(4).
-59
Let k(z) = -z**3 + 9*z**2 - 12*z + 4. What is k(5)?
44
Let k(l) = -l**2 - 6*l - 5. What is k(-3)?
4
Let s(i) = -i**3 - 19*i**2 - 5. Determine s(-19).
-5
Let j(y) = -y**2 + 2*y - 3. Calculate j(4).
-11
Let l(c) = -8*c**2 - 50*c. Determine l(-6).
12
Let x(p) = 6*p - 9. Calculate x(2).
3
Let a(n) = 2*n - 2. Give a(5).
8
Let y(g) = -g**3 + 2*g**2 + 2*g - 18. Give y(4).
-42
Let s(f) = -3*f**2 + 20*f + 24. Determine s(11).
-119
Let m(c) = -c**3 + 8*c**2 + 5*c + 4. Give m(8).
44
Let f(g) = 5*g**3. What is f(1)?
5
Let o(g) = -g**3 + 7*g**2 - 4*g + 20. Give o(4).
52
Let p(v) = -v**3 + 8*v**2 - v + 7. Give p(8).
-1
Let w(u) = u**2 - 11*u - 23. Calculate w(12).
-11
Let l(u) = 31*u - 1. Give l(1).
30
Let u(l) = 2*l + 3. Determine u(-3).
-3
Let m(w) = w**3 - 11*w**2 - 2*w + 1. What is m(11)?
-21
Let c(r) = -r**2 - 8*r + 4. Calculate c(-8).
4
Let w(a) = -2*a**2 + 5*a + 33. What is w(5)?
8
Let o(w) = -w**2 + 9*w - 32. Give o(8).
-24
Let c(a) = -a - 6. Give c(-3).
-3
Let j(x) = x**2 + 8*x + 12. Give j(-5).
-3
Let i(j) = -j**3 - 5*j**2 + 14*j + 9. Calculate i(-7).
9
Let w(n) = n. Determine w(1).
1
Let u(b) = 9*b + 15. Calculate u(-5).
-30
Let w(p) = -p**3 - 9*p**2 - 10*p - 13. Calculate w(-8).
3
Let f(z) = 4*z + 10. Give f(8).
42
Let s(m) = m - 5. What is s(-16)?
-21
Let a(d) = -d**3 + 12*d**2 - 10*d - 16. What is a(11)?
-5
Let q(s) = -s**3 + 25*s**2 - s + 18. Calculate q(25).
-7
Let v(g) = -2*g**2 + 14*g + 24. Determine v(-2).
-12
Let v(q) = 3*q**3 + 10*q**2 - 6*q + 5. Give v(-4).
-3
Let y(x) = x**2 - 25*x + 62. What is y(3)?
-4
Let v(a) = a + 12. Calculate v(-5).
7
Let f(a) = 9*a - 1. Calculate f(4).
35
Let b(z) = -49*z + 93. Determine b(2).
-5
Let y(o) = o**2 - 20*o - 42. Give y(20).
-42
Let n(w) = -72*w - 288. What is n(-4)?
0
Let b(q) = q + 9. Give b(-5).
4
Let m(v) = -v**2 - v + 46. Give m(0).
46
Let u(m) = m**3 + 6*m**2 - 7*m + 10. Give u(-7).
10
Let n(z) = z**3 - 6*z**2 + 9*z - 28. Determine n(5).
-8
Let q(o) = -o**3 + 5*o**2 - 7. What is q(5)?
-7
Let a(u) = -2*u**3 - 3*u**2 - 8*u - 1. Calculate a(4).
-209
Let o(t) = -20*t - 2. Calculate o(2).
-42
Let d(s) = -s**3 + 11*s**2 - 20*s + 7. What is d(9)?
-11
Let u(f) = -f - 37. Determine u(-17).
-20
Let j(o) = -o**2 - 15*o - 7. Give j(-11).
37
Let g(h) = h + 14. What is g(-5)?
9
Let q(y) = y**3 + y**2 - 5*y + 1. What is q(-4)?
-27
Let y(r) = -r**3 + 6*r**2 + 8*r - 8. What is y(7)?
-1
Let z(p) = p + 23. Give z(7).
30
Let m(p) = -p**3 - p**2 + 6*p - 2. Give m(-3).
-2
Let u(s) = 2*s**2 + s + 19. What is u(-8)?
139
Let z(t) = t**3 + 8*t**2 - 14*t - 23. What is z(-9)?
22
Let p(n) = 6*n - 14. What is p(1)?
-8
Let x(t) = 2*t**3 - 10*t - 5. Calculate x(3).
19
Let k(g) = 7*g + 3. Give k(-2).
-11
Let w(c) = -c**2 + 2*c + 1. What is w(4)?
-7
Let k(l) = -l**2 + 22*l - 92. Determine k(6).
4
Let t(f) = -118*f - 1. What is t(1)?
-119
Let m(h) = -37*h + 47. What is m(1)?
10
Let m(p) = p**3 + 4*p**2 - 19*p + 25. What is m(-7)?
11
Let v(q) = -q**2 - 14*q - 5. Determine v(-9).
40
Let z(g) = 3*g + 34. Give z(-13).
-5
Let m(w) = w**3 + 30*w**2 + 2*w + 77. Calculate m(-30).
17
Let r(i) = i - 18. Calculate r(17).
-1
Let l(w) = w**2 - w - 9. Calculate l(-3).
3
Let v(p) = 16*p + 376. Give v(-24).
-8
Let a(g) = 2*g - 1. Calculate a(4).
7
Let n(a) = a - 1. Calculate n(-1).
-2
Let h(n) = n**2 + 13*n + 45. What is h(-8)?
5
Let j(u) = u**2 + 1. Give j(-1).
2
Let q(b) = b**3 - 8*b**2 - 11*b + 26. What is q(9)?
8
Let n(q) = q**3 - 5*q**2 - 4*q - 5. What is n(6)?
7
Let n(u) = -2*u**2 - 33*u - 22. Give n(-16).
-6
Let p(g) = 2*g + 48. Give p(0).
48
Let j(r) = -r**2 - 6*r + 58. Give j(5).
3
Let o(j) = j**2 + 11*j + 3. Give o(-5).
-27
Let d(q) = q**3 - q**2 - 3*q + 2. Give d(2).
0
Let c(f) = f**2 - 2. Calculate c(6).
34
Let z(i) = -i**2 - 75*i - 655. What is z(-65)?
-5
Let y(u) = -u**3 + 6*u**2 + 24*u + 24. Give y(9).
-3
Let h(f) = -f**3 - 17*f**2 + 8*f - 11. Give h(-17).
-147
Let x(a) = a**3 + 15*a**2 + 19*a + 73. Determine x(-14).
3
Let o(p) = 4*p + 79. Calculate o(-21).
-5
Let c(y) = 2*y + 6. Determine c(-7).
-8
Let m(l) = -5*l - 6. Calculate m(-5).
19
Let c(x) = -8*x - 101. Give c(-14).
11
Let q(x) = -x**2 + 8*x + 40. What is q(11)?
7
Let a(z) = -5*z + 1. What is a(6)?
-29
Let h(i) = 2*i**2 - 17*i - 56. Calculate h(-4).
44
Let u(t) = -4*t - 115. Give u(-28).
-3
Let g(r) = 42*r + 3. Determine g(-2).
-81
Let a(v) = -4*v + 10. What is a(-2)?
18
Let q(d) = d**3 + 10*d**2 - 6*d - 21. Calculate q(-10).
39
Let k(t) = 2*t**3 - 10*t**2 + 10*t. What is k(4)?
8
Let k(f) = f**3 - 7*f**2 + f + 2. Determine k(5).
-43
Let k(a) = -9*a - 1. What is k(-1)?
8
Let p(d) = -d**2 - 18*d + 6. Give p(-18).
6
Let b(w) = -3*w**3 - 26*w**2 + 11*w + 21. What is b(-9)?
3
Let a(o) = o**3 + 5*o**2 + 5*o + 6. What is a(-4)?
2
Let q(h) = -h**3 - 9*h**2 + 16. What is q(-9)?
16
Let g(j) = -j**3 + 9*j**2 - 4*j - 12. Determine g(5).
68
Let g(p) = p**3 - p**2 - p - 8. Calculate g(0).
-8
Let p(c) = c**3 + 4*c**2 - 6*c - 4. What is p(-5)?
1
Let v(w) = w. What is v(17)?
17
Let l(h) = -21*h - 52. What is l(-3)?
11
Let h(j) = 36*j - 201. Give h(5).
-21
Let g(z) = z**3 + 8*z**2 + 7*z. What is g(-7)?
0
Let d(g) = -2*g**2 - 45*g + 135. Determine d(-25).
10
Let p(n) = n**3 - 21*n - 21. Determine p(-5).
-41
Let k(h) = 4*h + 46. Determine k(-13).
-6
Let m(b) = 3*b**3 - b**2 + b + 2. Determine m(-2).
-28
Let p(l) = -6*l**2 - 96*l - 1. Calculate p(-16).
-1
Let f(v) = 2*v**3 - 5*v**2 - 6*v + 2. Give f(3).
-7
Let x(u) = u**2 - 62*u - 331. Determine x(67).
4
Let g(r) = -r**2 + r. Calculate g(3).
-6
Let j(b) = -2*b**3 - 3*b**2 + 16*b + 9. Determine j(-4).
25
Let o(f) = -f**3 - 47*f**2 - f - 52. Give o(-47).
-5
Let l(m) = -m**2. What is l(-1)?
-1
Let l(c) = -6*c**2 + 12*c - 56. Give l(4).
-104
Let o(l) = l**3 - 10*l**2 - 11*l - 27. What is o(11)?
-27
Let y(t) = t**3 + 6*t**2 + 4*t - 6. What is y(-5)?
-1
Let v(j) = j**3 - 5*j**2 - j + 12. Calculate v(5).
7
Let t(b) = -b**3 + 4*b**2 - 3*b - 4. Give t(3).
-4
Let y(f) = -f**3 + 5*f**2 - 7*f + 4. What is y(4)?
-8
Let r(t) = -4*t + 72. Calculate r(25).
-28
Let m(y) = 4*y + 9. Give m(8).
41
Let j(o) = o**3 - o**2 - 2*o + 47. Calculate j(0).
47
Let g(d) = -d**2 + 7*d + 2. Give g(-3).
-28
Let o(n) = n**2 + 11*n - 5. Determine o(-11).
-5
Let a(c) = 2*c**2 + 9*c + 5. Give a(-6).
23
Let j(x) = x**3 + 10*x**2 - 12*x - 13. Calculate j(-11).
-2
Let l(u) = 3*u**2 + 137*u - 58. Give l(-46).
-12
Let v(x) = x**2 - 13*x - 20. Give v(16).
28
Let g(y) = -2*y**2 - 16*y + 55. What is g(3)?
-11
Let x(k) = 3*k + 20. What is x(-8)?
-4
Let c(d) = -d + 8. Give c(11).
-3
Let v(a) = a**2 + 72*a - 474. Give v(-78).
-6
Let w(m) = m**3 - 9*m**2 + 5*m - 64. What is w(9)?
-19
Let z(n) = 2*n - 7. Determine z(-5).
-17
Let k(x) = -7*x + 6. Give k(1).
-1
Let r(i) = -2*i - 15. Calculate r(-9).
3
Let t(n) = -n**2 + 11*n - 32. What is t(5)?
-2
Let o(g) = -7*g - 8. Give o(-4).
20
Let l(s) = 2*s**3 + s**2 - 2*s - 3. What is l(-2)?
-11
Let j(i) = -i**2 - 11*i + 50. Give j(-15).
-10
Let a(i) = -i**3 + 16*i**2 - 17*i - 4. Determine a(15).
-34
Let k(u) = -u**2 - 3*u - 10. Determine k(-9).
-64
Let s(z) = -z**3 + z**2 - 5. Give s(2).
-9
Let q(n) = 3*n + 79. Determine q(-31).
-14
Let a(j) = j**2 - 5*j + 6. Give a(4).
2
Let a(z) = 5*z**2 + 3*z + 2. Calculate a(-2).
16
Let h(n) = -2*n**2 + 10*n - 8. Calculate h(7).
-36
Let d(x) = -13*x - 563. Give d(-43).
-4
Let g(y) = -y**3 - y - 2. Calculate g(-2).
8
Let y(g) = -4*g**2 + 47*g - 139. Calculate y(7).
-6
Let v(j) = -2*j - 29. What is v(12)?
-53
Let v(g) = 118*g + 118. Determine v(-1).
0
Let r(w) = 5*w - 32. Calculate r(6).
-2
Let y(a) = a**3 - 2*a**2 + 3*a - 29. Calculate y(0).
-29
Let b(l) = -5*l + 13. Calculate b(7).
-22
Let x(y) = 5*y + 5. What is x(-9)?
-40
Let b(c) = -c**3 - 12*c**2 - 22*c - 12. Give b(-10).
8
Let a(z) = -z - 11. Give a(13).
-24
Let h(k) = 64*k - 512. What is h(8)?
0
Let f(k) = -7*k - 27. Determine f(-22).
127
Let p(d) = 19*d - 19. Determine p(-5).
-114
Let h(n) = -n**2 + n - 1. Calculate h(2).
-3
Let h(n) = -n**2 - 5*n + 2. Give h(-7).
-12
Let g(w) = 36*w + 3. Give g(1).
39
Let l(h) = h**3 + 10*h**2 - 28*h - 58. Give l(-12).
-10
Let d(t) = -7*t**2 + 45*t + 45. Calculate d(-1).
-7
Let r(u) = -u**3 + 5*u**2 - 3*u + 4. Calculate r(5).
-11
Let g(k) = -k + 3. Calculate g(5).
-2